{"id":193,"date":"2025-07-17T11:26:21","date_gmt":"2025-07-17T14:26:21","guid":{"rendered":"https:\/\/reidoabc.com.br\/index.php\/product\/calda-de-chocolate-1kg\/"},"modified":"2025-11-03T09:13:57","modified_gmt":"2025-11-03T12:13:57","slug":"calda-de-chocolate-1kg","status":"publish","type":"product","link":"https:\/\/reidoabc.com.br\/index.php\/product\/calda-de-chocolate-1kg\/","title":{"rendered":"Calda de Chocolate &#8211; 1Kg"},"content":{"rendered":"","protected":false},"excerpt":{"rendered":"<p class=\"MsoNormal\"><span style=\"font-size: 13.5pt; line-height: 107%; font-family: Roboto; color: black; background: white;\">Delicie-se com a irresist\u00edvel calda de chocolate que transforma qualquer sobremesa em uma explos\u00e3o de sabor! Nossa calda \u00e9 feita com ingredientes selecionados e chocolate de alta qualidade, garantindo uma textura cremosa e um sabor intenso que derrete na boca. Ideal para sorvetes, bolos, frutas e muito mais, \u00e9 o toque perfeito para ado\u00e7ar seus momentos especiais. Experimente e sinta o prazer do verdadeiro chocolate em cada gota!<\/span><\/p>\n","protected":false},"featured_media":278,"template":"","meta":[],"product_brand":[],"product_cat":[19],"product_tag":[],"class_list":{"0":"post-193","1":"product","2":"type-product","3":"status-publish","4":"has-post-thumbnail","6":"product_cat-caldas","8":"first","9":"instock","10":"shipping-taxable","11":"purchasable","12":"product-type-simple"},"_links":{"self":[{"href":"https:\/\/reidoabc.com.br\/index.php\/wp-json\/wp\/v2\/product\/193","targetHints":{"allow":["GET"]}}],"collection":[{"href":"https:\/\/reidoabc.com.br\/index.php\/wp-json\/wp\/v2\/product"}],"about":[{"href":"https:\/\/reidoabc.com.br\/index.php\/wp-json\/wp\/v2\/types\/product"}],"wp:featuredmedia":[{"embeddable":true,"href":"https:\/\/reidoabc.com.br\/index.php\/wp-json\/wp\/v2\/media\/278"}],"wp:attachment":[{"href":"https:\/\/reidoabc.com.br\/index.php\/wp-json\/wp\/v2\/media?parent=193"}],"wp:term":[{"taxonomy":"product_brand","embeddable":true,"href":"https:\/\/reidoabc.com.br\/index.php\/wp-json\/wp\/v2\/product_brand?post=193"},{"taxonomy":"product_cat","embeddable":true,"href":"https:\/\/reidoabc.com.br\/index.php\/wp-json\/wp\/v2\/product_cat?post=193"},{"taxonomy":"product_tag","embeddable":true,"href":"https:\/\/reidoabc.com.br\/index.php\/wp-json\/wp\/v2\/product_tag?post=193"}],"curies":[{"name":"wp","href":"https:\/\/api.w.org\/{rel}","templated":true}]}}