{"id":170,"date":"2025-07-17T11:19:59","date_gmt":"2025-07-17T14:19:59","guid":{"rendered":"https:\/\/reidoabc.com.br\/index.php\/product\/creme-kinder-bueno-2kg\/"},"modified":"2026-03-18T12:56:04","modified_gmt":"2026-03-18T15:56:04","slug":"creme-kinder-bueno-2kg","status":"publish","type":"product","link":"https:\/\/reidoabc.com.br\/index.php\/product\/creme-kinder-bueno-2kg\/","title":{"rendered":"Creme Kinder Bueno &#8211; 2Kg"},"content":{"rendered":"<p>Descubra a experi\u00eancia irresist\u00edvel do creme Bueno do Rei!<\/p>\n<p>Se voc\u00ea ama o sabor \u00fanico do Kinder Bueno, agora pode desfrutar de toda a cremosidade e delicadeza em um creme irresist\u00edvel. Feito com a exclusiva combina\u00e7\u00e3o do melhor creme de avel\u00e3 com leite, uma textura suave que derrete na boca e a delicada do\u00e7ura que s\u00f3 o Bueno do Rei traz, esse creme \u00e9 perfeito para transformar seus momentos em pura satisfa\u00e7\u00e3o.<\/p>\n<p>Com sua textura aveludada e sabor incompar\u00e1vel, o creme Bueno do Rei \u00e9 ideal para Doces gourmet, Milkshakes, sobremesas ou at\u00e9 para aquela receita especial que merece um toque de sabor \u00fanico. Proporcione a si mesmo um instante de prazer aut\u00eantico, com a qualidade e o carinho que voc\u00ea j\u00e1 conhece do Bueno do Rei.<\/p>\n<p>Experimente o creme Bueno do Rei, mais que um creme, uma experi\u00eancia deliciosa que conquista todos os sentidos. Porque para quem entende de sabor,\u00a0\u00e9 mais que creme, \u00e9 Bueno do Rei!<\/p>\n","protected":false},"excerpt":{"rendered":"<p>Descubra a experi\u00eancia irresist\u00edvel do creme Bueno do Rei!<\/p>\n<p>Se voc\u00ea ama o sabor \u00fanico do Kinder Bueno, agora pode desfrutar de toda a cremosidade e delicadeza em um creme irresist\u00edvel. Feito com a exclusiva combina\u00e7\u00e3o do melhor creme de avel\u00e3 com leite, uma textura suave que derrete na boca e a delicada do\u00e7ura que s\u00f3 o Bueno do Rei traz, esse creme \u00e9 perfeito para transformar seus momentos em pura satisfa\u00e7\u00e3o.<\/p>\n","protected":false},"featured_media":295,"template":"","meta":[],"product_brand":[],"product_cat":[20],"product_tag":[],"class_list":{"0":"post-170","1":"product","2":"type-product","3":"status-publish","4":"has-post-thumbnail","6":"product_cat-foodservice","8":"first","9":"instock","10":"shipping-taxable","11":"purchasable","12":"product-type-simple"},"_links":{"self":[{"href":"https:\/\/reidoabc.com.br\/index.php\/wp-json\/wp\/v2\/product\/170","targetHints":{"allow":["GET"]}}],"collection":[{"href":"https:\/\/reidoabc.com.br\/index.php\/wp-json\/wp\/v2\/product"}],"about":[{"href":"https:\/\/reidoabc.com.br\/index.php\/wp-json\/wp\/v2\/types\/product"}],"wp:featuredmedia":[{"embeddable":true,"href":"https:\/\/reidoabc.com.br\/index.php\/wp-json\/wp\/v2\/media\/295"}],"wp:attachment":[{"href":"https:\/\/reidoabc.com.br\/index.php\/wp-json\/wp\/v2\/media?parent=170"}],"wp:term":[{"taxonomy":"product_brand","embeddable":true,"href":"https:\/\/reidoabc.com.br\/index.php\/wp-json\/wp\/v2\/product_brand?post=170"},{"taxonomy":"product_cat","embeddable":true,"href":"https:\/\/reidoabc.com.br\/index.php\/wp-json\/wp\/v2\/product_cat?post=170"},{"taxonomy":"product_tag","embeddable":true,"href":"https:\/\/reidoabc.com.br\/index.php\/wp-json\/wp\/v2\/product_tag?post=170"}],"curies":[{"name":"wp","href":"https:\/\/api.w.org\/{rel}","templated":true}]}}